factors of 31160793?
3, 373, 27847
What are the prime factors of 1616832?
2, 3, 7, 401
What are the prime factors of 482480?
2, 5, 37, 163
What are the prime factors of 123293?
139, 887
What are the prime factors of 4543994?
2, 7, 13, 24967
What are the prime factors of 620978?
2, 310489
List the prime factors of 1384361.
11, 17, 673
List the prime factors of 764399.
764399
List the prime factors of 229779.
3, 11, 211
List the prime factors of 122551.
11, 13, 857
List the prime factors of 663026.
2, 7, 13, 3643
What are the prime factors of 11330957?
11, 641, 1607
What are the prime factors of 763022?
2, 13, 29347
What are the prime factors of 425922?
2, 3, 7, 10141
List the prime factors of 1198282.
2, 37, 16193
List the prime factors of 2150562.
2, 3, 358427
List the prime factors of 4648592.
2, 13, 22349
What are the prime factors of 123258?
2, 3, 20543
List the prime factors of 267093.
3, 59, 503
List the prime factors of 333251.
17, 19603
What are the prime factors of 841676?
2, 11, 37, 47
What are the prime factors of 51021?
3, 5669
What are the prime factors of 209730?
2, 3, 5, 6991
What are the prime factors of 375568?
2, 23473
List the prime factors of 1388894.
2, 13, 53419
What are the prime factors of 4320410?
2, 5, 19, 22739
List the prime factors of 7920877.
439, 18043
What are the prime factors of 4835376?
2, 3, 7, 13, 41
List the prime factors of 679786.
2, 449, 757
What are the prime factors of 8189193?
3, 1217, 2243
List the prime factors of 20449.
11, 13
What are the prime factors of 650539?
17, 2251
List the prime factors of 31057860.
2, 3, 5, 431, 1201
List the prime factors of 18352926.
2, 3, 149, 2281
List the prime factors of 2302139.
7, 23, 79, 181
List the prime factors of 27822193.
7, 619, 6421
List the prime factors of 38333.
38333
What are the prime factors of 552312?
2, 3, 2557
What are the prime factors of 393931?
393931
What are the prime factors of 425562?
2, 3, 19, 3733
List the prime factors of 1393965.
3, 5, 30977
What are the prime factors of 3217792?
2, 23, 1093
List the prime factors of 1859039.
7, 13, 31, 659
List the prime factors of 187432.
2, 7, 3347
What are the prime factors of 5188980?
2, 3, 5, 197, 439
List the prime factors of 9003207.
3, 19, 157951
List the prime factors of 193936.
2, 17, 23, 31
List the prime factors of 926624.
2, 23, 1259
List the prime factors of 158166.
2, 3, 29, 101
List the prime factors of 1329311.
31, 137, 313
What are the prime factors of 296348?
2, 13, 41, 139
List the prime factors of 407715.
3, 5, 7, 11, 353
List the prime factors of 30696.
2, 3, 1279
List the prime factors of 235691.
53, 4447
What are the prime factors of 1238088?
2, 3, 79, 653
List the prime factors of 402307.
402307
What are the prime factors of 36461803?
7, 5208829
List the prime factors of 2649798.
2, 3, 147211
List the prime factors of 317763.
3, 3923
List the prime factors of 1151386.
2, 575693
List the prime factors of 382685.
5, 76537
List the prime factors of 3513280.
2, 5, 10979
What are the prime factors of 1343939?
41, 32779
What are the prime factors of 2045592?
2, 3, 28411
List the prime factors of 5853.
3, 1951
What are the prime factors of 12222437?
71, 172147
List the prime factors of 241526.
2, 120763
List the prime factors of 268196.
2, 67049
What are the prime factors of 165875?
5, 1327
What are the prime factors of 4724220?
2, 3, 5, 78737
What are the prime factors of 68430?
2, 3, 5, 2281
List the prime factors of 7454294.
2, 47, 79301
List the prime factors of 15057303.
3, 1567, 3203
What are the prime factors of 913197?
3, 19, 37, 433
What are the prime factors of 5534318?
2, 59, 46901
What are the prime factors of 2346508?
2, 586627
List the prime factors of 2295579.
3, 11, 13, 5351
List the prime factors of 616920.
2, 3, 5, 53, 97
What are the prime factors of 294?
2, 3, 7
What are the prime factors of 360318?
2, 3, 7, 23, 373
What are the prime factors of 376538?
2, 59, 3191
List the prime factors of 190391.
190391
List the prime factors of 16543582.
2, 11, 41, 18341
What are the prime factors of 3764356?
2, 19, 49531
List the prime factors of 3469468.
2, 227, 3821
What are the prime factors of 706928?
2, 17, 23, 113
List the prime factors of 3945056.
2, 113, 1091
List the prime factors of 4173571.
4173571
List the prime factors of 226854.
2, 3, 4201
List the prime factors of 2125933.
2125933
List the prime factors of 16832148.
2, 3, 379, 3701
What are the prime factors of 5775459?
3, 43, 44771
List the prime factors of 112002.
2, 3, 11, 1697
What are the prime factors of 1325749?
137, 9677
List the prime factors of 1065330.
2, 3, 5, 7, 19, 89
List the prime factors of 258096.
2, 3, 19, 283
List the prime factors of 1696113.
3, 62819
List the prime factors of 5258.
2, 11, 239
What are the prime factors of 1812398?
2, 7, 129457
List the prime factors of 2120531.
7, 23, 13171
List the prime factors of 5794321.
13, 23, 19379
List the prime factors of 623717.
623717
List the prime factors of 648586.
2, 324293
List the prime factors of 832507.
13, 17, 3767
List the prime factors of 3964092.
2, 3, 11, 59, 509
List the prime factors of 1829695.
5, 7, 61, 857
What are the prime factors of 4290395?
5, 47, 18257
What are the prime factors of 1009177?
13, 149, 521
List the prime factors of 907294.
2, 29, 15643
List the prime factors of 251327.
97, 2591
What are the prime factors of 969562?
2, 11, 44071
List the prime factors of 61238.
2, 67, 457
What are the prime factors of 328807?
59, 5573
What are the prime factors of 1718582?
2, 173, 4967
List the prime factors of 752240.
2, 5, 9403
What are the prime factors of 1849616?
2, 115601
What are the prime factors of 646892?
2, 43, 3761
What are the prime factors of 402473?
31, 12983
List the prime factors of 52069.
52069
What are the prime factors of 584456?
2, 43, 1699
List the prime factors of 1087169.
43, 131, 193
What are the prime factors of 4746703?
13, 28087
What are the prime factors of 25082088?
2, 3, 461, 2267
What are the prime factors of 34745073?
3, 11, 1052881
What are the prime factors of 2746713?
3, 41, 137, 163
What are the prime factors of 675148?
2, 61, 2767
List the prime factors of 145161.
3, 127
List the prime factors of 22704.
2, 3, 11, 43
What are the prime factors of 750863?
750863
What are the prime factors of 36334671?
3, 173, 70009
What are the prime factors of 167936?
2, 41
List the prime factors of 543229.
19, 28591
List the prime factors of 2013947.
13, 37, 53, 79
List the prime factors of 8437629.
3, 233, 12071
What are the prime factors of 62879?
227, 277
What are the prime factors of 363208?
2, 83, 547
What are the prime factors of 93749?
241, 389
What are the prime factors of 2998377?
3, 457
What are the prime factors of 86253?
3, 28751
List the prime factors of 3285440.
2, 5, 10267
What are the prime factors of 879069?
3, 179, 1637
List the prime factors of 305718.
2, 3, 7, 29, 251
List the prime factors of 306613.
23, 13331
What are the prime factors of 6653979?
3, 739331
What are the prime factors of 104263?
41, 2543
List the prime factors of 11728673.
11, 29, 36767
What are the prime factors of 5812881?
3, 53, 36559
List the prime factors of 532500.
2, 3, 5, 71
What are the prime factors of 27807460?
2, 5, 23, 61, 991
List the prime factors of 241357.
19, 12703
What are the prime factors of 1236652?
2, 31, 9973
What are the prime factors of 14081921?
7, 2011703
List the prime factors of 792740.
2, 5, 13, 3049
List the prime factors of 88025.
5, 7, 503
List the prime factors of 189466.
2, 61, 1553
List the prime factors of 486998.
2, 41, 5939
What are the prime factors of 14825562?
2, 3, 61, 40507
List the prime factors of 10515217.
10515217
List the prime factors of 19194302.
2, 107, 257, 349
What are the prime factors of 565994?
2, 11, 13, 1979
What are the prime factors of 268772?
2, 7, 29, 331
What are the prime factors of 5130872?
2, 17, 31, 1217
What are the prime factors of 953346?
2, 3, 29, 5479
List the prime factors of 27168871.
383, 70937
What are the prime factors of 163794?
2, 3, 27299
List the prime factors of 454257.
3, 17, 2969
What are the prime factors of 3207237?
3, 11, 17, 5717
What are the prime factors of 206844?
2, 3, 11, 1567
List the prime factors of 1496564.
2, 23, 1626